are the prime factors of 129027317?
179, 197, 3659
List the prime factors of 69230467.
71, 113, 8629
List the prime factors of 89691521.
89691521
What are the prime factors of 2283805077?
3, 761268359
List the prime factors of 593040499.
239, 2481341
What are the prime factors of 7596442569?
3, 2532147523
List the prime factors of 1867233640.
2, 5, 46680841
What are the prime factors of 136088017?
13, 10468309
What are the prime factors of 100584121?
11, 17, 537883
What are the prime factors of 662234776?
2, 7, 11825621
List the prime factors of 76678200.
2, 3, 5, 41, 1039
What are the prime factors of 40653302?
2, 29, 700919
What are the prime factors of 97006411?
5569, 17419
List the prime factors of 73287649.
1259, 58211
List the prime factors of 1383313014.
2, 3, 76850723
What are the prime factors of 1095948603?
3, 541, 75029
List the prime factors of 3094983787.
7, 442140541
What are the prime factors of 33839930?
2, 5, 83, 40771
What are the prime factors of 13947171?
3, 7, 664151
List the prime factors of 30581180.
2, 5, 7, 218437
What are the prime factors of 78241575?
3, 5, 1043221
What are the prime factors of 63809745?
3, 5, 313, 13591
What are the prime factors of 52730890?
2, 5, 19, 277531
What are the prime factors of 95396045?
5, 947, 20147
List the prime factors of 37915214.
2, 109, 173923
List the prime factors of 349957425.
3, 5, 101, 46199
What are the prime factors of 45812212?
2, 17, 397, 1697
What are the prime factors of 44028556?
2, 11, 13, 31, 191
What are the prime factors of 111742193?
111742193
What are the prime factors of 79771098?
2, 3, 11, 523, 2311
List the prime factors of 112851879.
3, 7, 173, 31063
List the prime factors of 1206669697.
1206669697
List the prime factors of 1331538672.
2, 3, 5237, 5297
What are the prime factors of 1520057413?
7, 661, 328519
What are the prime factors of 24822823?
107, 113, 2053
List the prime factors of 1234892135.
5, 157, 1573111
What are the prime factors of 224584607?
13, 311, 4273
What are the prime factors of 134593695?
3, 5, 107, 27953
What are the prime factors of 219770843?
337, 457, 1427
What are the prime factors of 50499009?
3, 11, 47, 10853
What are the prime factors of 2610886545?
3, 5, 58019701
What are the prime factors of 5040167520?
2, 3, 5, 29, 362081
What are the prime factors of 1351256599?
7, 11, 113, 155299
What are the prime factors of 3317217503?
67, 1223, 40483
List the prime factors of 207764388.
2, 3, 13, 443941
List the prime factors of 75911184.
2, 3, 527161
List the prime factors of 982564940.
2, 5, 7, 7018321
What are the prime factors of 4081982008?
2, 13, 131, 299617
What are the prime factors of 1755470635?
5, 31, 11325617
List the prime factors of 183801248.
2, 5743789
List the prime factors of 48409335.
3, 5, 13, 83, 997
List the prime factors of 76735403.
76735403
What are the prime factors of 28609605?
3, 5, 47, 167
List the prime factors of 2582875298.
2, 23, 31, 61, 1291
List the prime factors of 88598811.
3, 7, 602713
What are the prime factors of 212115876?
2, 3, 7, 2525189
List the prime factors of 928232541.
3, 79, 48353
What are the prime factors of 1512019606?
2, 31, 103, 236771
List the prime factors of 681198180.
2, 3, 5, 13, 873331
List the prime factors of 983890963.
11, 17, 173, 1789
What are the prime factors of 1156536526?
2, 59, 9801157
What are the prime factors of 512864288?
2, 16027009
List the prime factors of 137299225.
5, 7, 17, 19, 347
What are the prime factors of 240557108?
2, 11, 5467207
List the prime factors of 81002349.
3, 31, 10753
What are the prime factors of 360816290?
2, 5, 5701, 6329
List the prime factors of 532181660.
2, 5, 26609083
List the prime factors of 77539586.
2, 38769793
List the prime factors of 11856915.
3, 5, 7, 12547
What are the prime factors of 148222733?
421, 352073
What are the prime factors of 202064?
2, 73, 173
What are the prime factors of 264652496?
2, 991, 16691
List the prime factors of 56104877.
56104877
What are the prime factors of 237982267?
9551, 24917
List the prime factors of 518187910.
2, 5, 2083, 24877
What are the prime factors of 21929235?
3, 5, 17, 23, 3739
What are the prime factors of 623479561?
23, 27107807
What are the prime factors of 275802351?
3, 11, 67, 79, 1579
List the prime factors of 264979551.
3, 103, 857539
List the prime factors of 45150690.
2, 3, 5, 13, 115771
What are the prime factors of 3355910235?
3, 5, 643, 115981
List the prime factors of 395733514.
2, 11, 17, 47, 479
List the prime factors of 4457055398.
2, 173, 12881663
What are the prime factors of 26448512?
2, 127, 1627
List the prime factors of 37610655.
3, 5, 53, 47309
What are the prime factors of 1008030805?
5, 201606161
What are the prime factors of 14632548?
2, 3, 7, 174197
List the prime factors of 155667647.
31, 5021537
List the prime factors of 579140905.
5, 7, 16546883
List the prime factors of 4211762142.
2, 3, 7, 6053, 16567
What are the prime factors of 4948051192?
2, 7, 88358057
List the prime factors of 1985902775.
5, 79436111
List the prime factors of 1960580416.
2, 181, 169249
What are the prime factors of 36388826?
2, 18194413
List the prime factors of 1820054129.
67, 83, 327289
List the prime factors of 135552582.
2, 3, 11, 228203
What are the prime factors of 1192005453?
3, 61, 6513691
What are the prime factors of 1647379310?
2, 5, 164737931
What are the prime factors of 930232896?
2, 3, 797, 6079
What are the prime factors of 2722697691?
3, 7, 457, 40529
What are the prime factors of 254266494?
2, 3, 42377749
List the prime factors of 33434121.
3, 7, 17, 787
What are the prime factors of 367191115?
5, 73438223
List the prime factors of 84198071.
103, 817457
List the prime factors of 719911437.
3, 7, 79, 433943
List the prime factors of 343010597.
191, 1795867
List the prime factors of 22458346.
2, 11229173
List the prime factors of 881162830.
2, 5, 127, 693829
What are the prime factors of 669152264?
2, 11, 29, 197
List the prime factors of 3710467235.
5, 742093447
What are the prime factors of 301672706?
2, 1103, 136751
List the prime factors of 3096207995.
5, 6263, 98873
List the prime factors of 4215269300.
2, 5, 11, 631, 6073
What are the prime factors of 925984589?
19, 409, 119159
What are the prime factors of 101568945?
3, 5, 6771263
What are the prime factors of 305562661?
305562661
List the prime factors of 337133395.
5, 2053, 32843
List the prime factors of 207313251.
3, 5741, 12037
List the prime factors of 10284561.
3, 7, 23321
What are the prime factors of 1837512379?
1837512379
What are the prime factors of 338983113?
3, 7, 163, 167, 593
List the prime factors of 26408552.
2, 113, 131, 223
What are the prime factors of 68060837?
13, 271, 19319
List the prime factors of 2455453513.
487, 5041999
What are the prime factors of 261862684?
2, 5647, 11593
What are the prime factors of 6106065928?
2, 763258241
What are the prime factors of 228542640?
2, 3, 5, 19, 50119
What are the prime factors of 2159466196?
2, 983, 549203
What are the prime factors of 1953009043?
1953009043
What are the prime factors of 148428224?
2, 7, 17, 19489
What are the prime factors of 4535345612?
2, 7, 17, 29, 101, 3253
List the prime factors of 211701930.
2, 3, 5, 11, 641521
What are the prime factors of 481920154?
2, 240960077
List the prime factors of 65134217.
107, 113, 5387
List the prime factors of 120958735.
5, 37, 653831
List the prime factors of 90003558.
2, 3, 43, 348851
List the prime factors of 352481026.
2, 17, 23, 643, 701
List the prime factors of 1309808179.
163, 317, 25349
List the prime factors of 44374494.
2, 3, 7395749
What are the prime factors of 805269392?
2, 31, 239, 6793
List the prime factors of 437129362.
2, 1217, 179593
List the prime factors of 2960843674.
2, 37, 40011401
List the prime factors of 2142021282.
2, 3, 357003547
List the prime factors of 6695219.
6695219
List the prime factors of 56832194.
2, 107, 265571
What are the prime factors of 2589471046?
2, 1229, 1053487
What are the prime factors of 109866115?
5, 21973223
List the prime factors of 45796220.
2, 5, 23, 29, 3433
List the prime factors of 85460989.
17, 5027117
List the prime factors of 226132398.
2, 3, 465293
What are the prime factors of 52251994?
2, 421, 62057
List the prime factors o